{"id":596,"date":"2018-02-24T15:07:31","date_gmt":"2018-02-24T13:07:31","guid":{"rendered":"http:\/\/mx-3.lt\/?page_id=596"},"modified":"2018-02-24T15:07:31","modified_gmt":"2018-02-24T13:07:31","slug":"kebulas","status":"publish","type":"page","link":"https:\/\/mx-3.lt\/?page_id=596","title":{"rendered":"K\u0117bulas"},"content":{"rendered":"<p><img loading=\"lazy\" class=\"aligncenter size-full wp-image-597\" src=\"http:\/\/mx-3.lt\/wp-content\/uploads\/2018\/02\/kebulas_1.gif\" alt=\"\" width=\"580\" height=\"358\" \/><br \/>\n1. Kapotas<br \/>\n2. Durys<br \/>\n3. Lango nuleidimo ir pak\u0117limo \u012ftaisas<br \/>\n4. Priekinis bamperis<br \/>\n4a. Priekinio bamperio l\u016bpa. Gamykli\u0161kai \u0161i dalis nebuvo montuojama ant visu automobili\u0173.<br \/>\n5. Molding (?)<br \/>\n6. Cowl Grilie (Sparnas?)<br \/>\n7. \u0160oninio vaizdo veidrod\u0117lis<br \/>\n8. Priekinio stiklo valytuvas<br \/>\n9. Priekinis stiklas<br \/>\n<img loading=\"lazy\" class=\"aligncenter size-full wp-image-598\" src=\"http:\/\/mx-3.lt\/wp-content\/uploads\/2018\/02\/kebulas_2.gif\" alt=\"\" width=\"580\" height=\"334\" \/><br \/>\n1. Dur\u0173 u\u017erakinimo mechanzmas<br \/>\n2. Baga\u017ein\u0117s dangtis<br \/>\n3. Galinio dang\u010dio u\u017erakto mechanizmas<br \/>\n4. Kuro u\u017epylimo dangtelis<br \/>\n5. Galinis bamperis<br \/>\n6. Baga\u017ein\u0117s ventiliacijos anga<br \/>\n7. Stogas<br \/>\n8. Galinis spoileris. Priklausomai nuo komplektacijos buvo montuojami trij\u0173 skirting\u0173 i\u0161vaizd\u0173 spoileriai arba visai be jo.<br \/>\n9. Galinio lango valytuvas. Amerikos rinkai skirti modeliai jo neturi.<br \/>\n10. Galinio dang\u010dio stiklas.<br \/>\n11. Vertikalus galinis langelis.<br \/>\n12. Stoglangis. Priklausomai nuo komplektacijos jo gali ir neb\u016bti.<br \/>\n<img loading=\"lazy\" class=\"aligncenter size-full wp-image-599\" src=\"http:\/\/mx-3.lt\/wp-content\/uploads\/2018\/02\/kebulas_3.gif\" alt=\"\" width=\"580\" height=\"439\" \/><br \/>\n1. Galinio dang\u010dio spynel\u0117s atrakinimo svirtis<br \/>\n2. Kuro u\u017epylimo atidarimo svirtis<br \/>\n3. Prietais\u0173 skydelis ir panel\u0117<br \/>\n4. Stogo danga<br \/>\n5. Kilim\u0117lis<br \/>\n6. Headliner (?)<br \/>\n7. Saugos dir\u017eas<br \/>\n8. Amerikos rinkai skirto modelio, automatinio saugos dir\u017eo mechanizmas<br \/>\n9. S\u0117dyn\u0117<\/p>\n","protected":false},"excerpt":{"rendered":"<p>1. Kapotas 2. Durys 3. Lango nuleidimo ir pak\u0117limo \u012ftaisas 4. Priekinis bamperis 4a. Priekinio bamperio l\u016bpa. Gamykli\u0161kai \u0161i dalis nebuvo montuojama ant visu automobili\u0173. 5. Molding (?) 6. Cowl Grilie (Sparnas?) 7. \u0160oninio&#46;&#46;&#46;<\/p>\n","protected":false},"author":3,"featured_media":0,"parent":0,"menu_order":0,"comment_status":"closed","ping_status":"closed","template":"","meta":[],"_links":{"self":[{"href":"https:\/\/mx-3.lt\/index.php?rest_route=\/wp\/v2\/pages\/596"}],"collection":[{"href":"https:\/\/mx-3.lt\/index.php?rest_route=\/wp\/v2\/pages"}],"about":[{"href":"https:\/\/mx-3.lt\/index.php?rest_route=\/wp\/v2\/types\/page"}],"author":[{"embeddable":true,"href":"https:\/\/mx-3.lt\/index.php?rest_route=\/wp\/v2\/users\/3"}],"replies":[{"embeddable":true,"href":"https:\/\/mx-3.lt\/index.php?rest_route=%2Fwp%2Fv2%2Fcomments&post=596"}],"version-history":[{"count":1,"href":"https:\/\/mx-3.lt\/index.php?rest_route=\/wp\/v2\/pages\/596\/revisions"}],"predecessor-version":[{"id":602,"href":"https:\/\/mx-3.lt\/index.php?rest_route=\/wp\/v2\/pages\/596\/revisions\/602"}],"wp:attachment":[{"href":"https:\/\/mx-3.lt\/index.php?rest_route=%2Fwp%2Fv2%2Fmedia&parent=596"}],"curies":[{"name":"wp","href":"https:\/\/api.w.org\/{rel}","templated":true}]}}